- 43 = 0. Let k(v) = v**3 - 33*v**2 - 32*v - 57. Let f be k(a). What is the highest common factor of f and 737?
11
Suppose 0 = 6*h - 68 + 8. Let k be (4/h)/((-1)/(-45)). Let v = -797 + 995. What is the highest common factor of v and k?
18
Let a be (1/(-3))/((-17)/(-204)). Let m be 3/4*a/(-1). What is the greatest common divisor of m and 19?
1
Let f(v) = -40*v - 394. Let q be f(-10). What is the greatest common factor of 3642 and q?
6
Let i(u) = -10*u + 55*u**2 - 1 - 56*u**2 + 12. Let w be i(-8). Calculate the highest common divisor of 243 and w.
27
Let y(k) = -149*k + 51. Let a be y(6). Let z = a - -870. What is the highest common divisor of z and 297?
27
Suppose -14 = -4*b - 6. Let l = -253 - -255. Suppose -l*j = -176 + 168. What is the highest common factor of j and b?
2
Let v = -4205 - -5909. What is the greatest common divisor of v and 96?
24
Suppose 31*d = 35*d - 624 - 648. Calculate the greatest common divisor of 102 and d.
6
Let x = 552 - 384. What is the highest common factor of x and 6888?
168
Let y be (-4)/20 - 33/(-15). Let v(a) = 2*a - 35. Let u(q) = q - 12. Let z(l) = y*v(l) - 7*u(l). Let r be z(4). What is the highest common factor of 16 and r?
2
Let i(x) = 10*x - 59. Let v be i(13). Suppose -v*k + 65*k + 120 = 0. Calculate the greatest common divisor of 20 and k.
20
Let p be 4/((-7)/(133/(-4))). Let z(d) = -d**2 + 17*d + 52. Let j be z(p). What is the highest common factor of j and 1400?
14
Let l be -5*(1 + (-602)/35). Let o = 0 - 3. Let t(u) = -u**3 - 2*u**2 - u - 3. Let s be t(o). Calculate the highest common divisor of s and l.
9
Let n = -307 - -311. Let q be (-212)/(-20) - 9/15. Calculate the greatest common divisor of n and q.
2
Let s be (-1 + 0 - -1)/2. Suppose -58*i + 69*i - 550 = s. Calculate the greatest common factor of i and 90.
10
Let i = -1151 + 3774. Calculate the greatest common divisor of 129 and i.
43
Let j(c) = 22*c + 157. Let b be j(-7). Suppose 3*q + 2*k - 40 = 0, -4*q - q = b*k - 68. What is the greatest common divisor of 256 and q?
16
Let a = -6295 + 8383. What is the greatest common divisor of 90 and a?
18
Let w(y) = 4*y**2 + 6*y + 14. Suppose 2 = n, -3*q + 0 = -4*n - 7. Let s be w(q). What is the greatest common factor of 48 and s?
48
Let f = 15262 - 15181. What is the highest common divisor of f and 156?
3
Let q be (-15)/15*33*-3. Let t(n) = -n**2 - 17*n - 16. Let d be t(-15). Suppose -17*v + 33 = -d*v. What is the greatest common divisor of v and q?
11
Let z = -378 - -393. Suppose 7*v = z*v - 360. Calculate the highest common factor of v and 45.
45
Let z(s) = -s**2 - 16*s - 9. Let m be ((-3)/(-1) - 2)*-9 - 3. Let b be z(m). Let k = b - 25. What is the greatest common divisor of k and 42?
14
Suppose 391*n - 388*n + 4*z = 128, 3*n = -z + 131. Let g be 64 + 2 + (0 - 0). Calculate the greatest common divisor of g and n.
22
Let m = -11 - -39. Let n(w) = w**3 + 8*w**2 - 10*w + 7. Let u be n(-7). Suppose -u = -11*d + 2*d. What is the greatest common divisor of d and m?
14
Suppose 7*b + 30 + 26 = 0. Let m(u) = u**3 + 11*u**2 + 9*u - 18. Let w be m(b). What is the greatest common divisor of w and 6?
6
Suppose -4*k = -4, 2*y - 9*k = -4*k + 19. Suppose -4*w + 67 = -3*w + j, -5*w + 3*j = -311. Calculate the greatest common divisor of w and y.
4
Suppose 5*f = f + 68. Suppose 5*p = -5*d, -3*p = -7*d + 2*d. Suppose a = 5*h - d*a - 252, 0 = -a + 3. What is the highest common factor of h and f?
17
Let f be 8*11/22 + 1238. Let q be (-2)/(2 + (-188)/92). What is the highest common factor of f and q?
46
Suppose 0 = 22*o + 19861 - 62497. What is the greatest common factor of 204 and o?
102
Suppose 24*n + 11*n + 2625 = 0. Let i = n + 80. Calculate the highest common divisor of i and 3.
1
Let s(w) = 32*w**2 - 56*w - 142. Let l be s(8). Calculate the greatest common divisor of 18 and l.
18
Let y be ((-16)/(-4))/4 - -2. Suppose 77 = y*t + 4*t. Suppose 37*n - 36*n - t = 0. What is the greatest common divisor of n and 121?
11
Suppose -2*b + 42 = -86. Let d be 5*(-36)/(-30) - -6. Suppose 11*j + 3*n + 27 = d*j, 0 = -5*n - 5. Calculate the highest common divisor of b and j.
8
Let y = 148 + -149. Let u be ((-9)/(-36)*6)/(y/(-6)). What is the greatest common divisor of u and 66?
3
Let k(n) = 3*n**2 + 5*n**3 + 27*n - 2*n**2 + 3 - 26*n. Let g be k(2). What is the highest common factor of 343 and g?
49
Suppose 10 = -40*h + 39*h. Let p be ((-3264)/160)/(4/h). What is the greatest common divisor of 510 and p?
51
Let a(o) = 8*o**2 - 2*o - 18. Suppose 0 + 15 = -n. Let l be (70/n - -4)*15/(-2). Let x be a(l). What is the greatest common divisor of 43 and x?
43
Suppose 4*m + 260 = t, -1471*t + 2*m = -1467*t - 928. Let f be 2 - (-38 - -1)*2. What is the highest common divisor of f and t?
76
Suppose -9 = -4*p - 5. Let x be 0 - p - (3 - (10 + 3)). Suppose 4*i - x*i = -110. Calculate the greatest common divisor of i and 33.
11
Let h = 104 + 106. Suppose 418*j + h = 425*j. Calculate the greatest common divisor of j and 160.
10
Suppose -97*m + 7150 = -43*m + 76*m. What is the highest common divisor of m and 4499?
11
Suppose -3*f + 2*r = -206, 2*f + 5*r - 140 = 10. Calculate the highest common factor of 10570 and f.
70
Suppose u = -3*z + 51, 0*u = -u - 4*z + 55. Suppose -8196 = -1334*t + 1155 + 6657. What is the greatest common divisor of t and u?
3
Let b(n) = n**3 - n**2 - 6*n - 16. Let v be b(-5). Let g = 148 + v. Calculate the greatest common factor of g and 84.
12
Let m = -1364 - -4980. Calculate the greatest common divisor of m and 112.
16
Suppose -629 = 6*g - 43*g. Calculate the highest common factor of 544 and g.
17
Let c = 84 - 54. Let u be ((-40)/c)/(2/(-3)). Let j be 1/(-2)*-11*u. What is the greatest common divisor of 99 and j?
11
Let s(l) = -147*l + 27678. Let w be s(186). Let x = -80 - -122. What is the highest common factor of w and x?
42
Suppose 5*k - 29 = 21. Let l be 200*(2 + (-15)/6). Let m = l + 180. Calculate the highest common factor of k and m.
10
Let l = -13110 - -13208. Calculate the greatest common divisor of l and 567.
7
Suppose 48*x = 23936 - 2528. Calculate the greatest common factor of x and 16.
2
Let b = -40390 - -40401. Let m(s) = -s**2 + s + 99. Let q be m(0). What is the greatest common factor of q and b?
11
Let h = -20149 + 20329. Calculate the highest common divisor of 9675 and h.
45
Let l(k) = -19*k**3 + 1840*k**2 + 293*k - 168. Let p be l(97). Suppose 0 = -3*i - i + 884. What is the highest common divisor of p and i?
13
Suppose q = -5*f - 15, 0 = q - 4*q + 2*f + 6. Suppose q = -10*v + 316 - 66. What is the greatest common divisor of 175 and v?
25
Suppose -11*o - 85 + 229 = -9*o. Calculate the greatest common factor of 408 and o.
24
Suppose 0 = -5*w - m + 8958, -5*m - 4367 = -5*w + 4633. Calculate the greatest common factor of 4727 and w.
163
Let i = 5458 + -5108. Calculate the highest common factor of i and 1120.
70
Let a(m) = m**2 + 9*m - 18. Let v(g) = -26 + g + 40 - 2*g. Let q be v(12). Let o be a(q). What is the highest common factor of 28 and o?
4
Let x be 0 - 14*13/(-2). Let o be (-7 - 11135/51)*(-24)/32. What is the greatest common factor of o and x?
13
Suppose 382*q - 422*q + 153 = -487. What is the highest common factor of q and 120?
8
Suppose 6 = h + 3, -3*u = h + 261. Let i = u + 99. Calculate the highest common factor of i and 539.
11
Let d(l) = -5*l + 4. Let r be d(7). Let n = r - -42. Suppose -32 + 153 = v. What is the greatest common factor of v and n?
11
Let j be 216/(-3)*(-20)/5. Suppose -67 = -7*u + 3*u + 5*a, -57 = -3*u - 3*a. What is the highest common divisor of u and j?
18
Suppose 0 = 73*j - 20539 - 31510. What is the highest common factor of 124 and j?
31
Let b(y) = 2*y**3 - 30*y**2 + 170*y + 11. Let f be b(16). What is the greatest common divisor of 69 and f?
69
Let v be (4/6)/(112/4536). What is the greatest common divisor of v and 18?
9
Suppose 18*i - 708 - 1272 = 0. What is the highest common divisor of 23210 and i?
110
Let z = -163 + 176. Suppose -7*d + z*d = 2928. What is the greatest common divisor of 61 and d?
61
Suppose 2*s - 3*v - 1080 = 0, -3*s + 410*v - 413*v = -1635. What is the greatest common factor of 6 and s?
3
Suppose 0 = -13*i - 183 - 363. Let s be 1*-4*(39 + i). What is the greatest common factor of 18 and s?
6
Suppose 5*k - 4*n = 3*k - 22, -3*n + 24 = -3*k. Let t be